+ 1940. What are the prime factors of o?
2, 5
Let j = 4632 - -51456. What are the prime factors of j?
2, 3, 19, 41
Suppose 5*b + 160 = -3*s, -3*b + 98 = -2*s - 2*b. Let z = 172 - s. What are the prime factors of z?
2, 3, 37
Let j be (-37020)/(-15)*(-2)/(-8). Suppose 0 = 3*n - j + 173. List the prime factors of n.
2, 37
Suppose 2*a - 314 = s - 3954, -7320 = -2*s - 4*a. What are the prime factors of s?
2, 5, 73
Let z(f) be the second derivative of -51*f**3 + 5*f**2/2 - 7*f - 9. What are the prime factors of z(-3)?
13, 71
Let l(h) = 49*h**3 - 6*h**2 - 2*h - 6. Let r be l(3). Suppose 1252 = 2*o + o - 2*g, 3*o - r = -3*g. List the prime factors of o.
2, 11, 19
Let w be (-25)/2 - 10/20. Let l(c) = -c**2 - 13*c. Let n be l(w). Suppose -2*k + n*k = -8, -5*u + k + 256 = 0. List the prime factors of u.
2, 13
Let i(d) = 11*d**3 + 10*d**2 + 34*d + 10. Let m(f) = 10*f**3 + 10*f**2 + 36*f + 11. Let t(g) = -7*i(g) + 6*m(g). List the prime factors of t(-3).
431
Let o(w) = w**3 - 6*w**2 + 41*w - 138. List the prime factors of o(12).
2, 3, 7, 29
Let b = 116 + -137. Let o(s) = s + 25. What are the prime factors of o(b)?
2
Suppose -2*z = z - 4*q - 112, -3*z - 3*q = -84. Let d = z + -20. Let l(j) = 2*j**2 - 15*j + 10. What are the prime factors of l(d)?
2, 59
Let g = -56 - -65. Suppose 5*n - n = 4*v + 364, 0 = -3*v - g. Let u = n - 53. What are the prime factors of u?
5, 7
Let l be 228/(-95)*5/(-3). Suppose 374 = -l*c + 3*k + 1180, -2*k - 4 = 0. List the prime factors of c.
2, 5
Let f(v) = -6*v + 68. Let w be f(11). Suppose w*j = 3*c + 590, -2*j + 0*c = 3*c - 578. List the prime factors of j.
2, 73
Let c(a) = 3*a**2 + 17*a + 28. What are the prime factors of c(-8)?
2, 3, 7
Let s(o) = -4*o**2 + 4*o - 13. Let n be s(4). Let j = n + 57. Let v(d) = -19*d - 14. List the prime factors of v(j).
2, 31
Let h = -13239 + 14224. List the prime factors of h.
5, 197
List the prime factors of (-2 + -4)*(-424760)/74.
2, 3, 5, 7, 41
Let b be (2/(-6))/((4/3)/(-4)). List the prime factors of (515 + b)*3/6.
2, 3, 43
Let f = -140 - -206. Suppose b - 2*g - f = 0, -374 = -5*b - 2*g - 32. List the prime factors of b.
2, 17
Let r(v) = 8*v + 38. Let j be r(-4). Suppose j*o - 36 = -6. List the prime factors of o.
5
Let r be ((-1672)/(-6))/((-13)/((-195)/10)). Let u = -348 + r. What are the prime factors of u?
2, 5, 7
Suppose 0 = -2*m - w + 557, -m + 4*m - 834 = -2*w. Let u = m + -41. List the prime factors of u.
239
Let p be (-9260)/(-10)*(-4)/(-8). Let m = 627 - p. What are the prime factors of m?
2, 41
Let o(t) = -4 + 2*t**2 - t**2 - 8*t - 1. Let d be o(7). List the prime factors of 2 + d*10/(-4).
2
Let v(w) = 2*w**2 + 9*w + 49. Let g(i) = i**2. Let o(r) = 3*g(r) - v(r). List the prime factors of o(27).
19, 23
Suppose 897 = 7*a - 4059. Let f = a + -461. What are the prime factors of f?
13, 19
Let d(m) = 1486*m**2 - 76*m - 202. What are the prime factors of d(-3)?
2, 5, 67
Suppose -2*l - 96 = 4*u, 5*l - 44 = u - 9. Let t = 21 + u. List the prime factors of 5 - (1 - (2 + t)).
2
What are the prime factors of (33285741/(-1467))/((-2)/6)?
43, 1583
Let s(j) = 51*j + 1133. List the prime factors of s(133).
2, 1979
Let h be (7 + 2)/(-27 + 28)*1. Let y(f) = -5 - f**2 - 17*f + 1 + 4*f**2. What are the prime factors of y(h)?
2, 43
Suppose 0 = -16*n - 4 - 28. List the prime factors of ((-16)/7 - n) + 2778/21.
2, 3, 11
Let j be (-32)/(-4)*4/8. Let c(k) = -64*k - 8. Let x be c(j). List the prime factors of (-5 - 0) + x/(-3).
83
Let a be 84 - 2/(-3)*-6. Suppose 2*f + 4*r + 98 + 14 = 0, 0 = -f + 4*r - a. What are the prime factors of (-1)/8 + (-5512)/f?
2, 43
Let t(v) = v**2 - 26*v - 199. Let x be t(-6). Let u(b) = 0*b - 7*b + 10 - 20 - 20. List the prime factors of u(x).
19
Suppose 4 + 0 = 2*t. Suppose 0 = 6*q - t*q + v - 855, 2*v = -4*q + 850. List the prime factors of q.
5, 43
Let f = -74 - -76. Suppose f*q = 572 + 104. List the prime factors of q.
2, 13
Let h(z) = -z**3 - 6*z**2 - 6*z - 1. Let r be h(-5). Suppose 8*f - r*f = 0. Suppose 3*y - 307 = o - 0*o, y + 5*o - 129 = f. What are the prime factors of y?
2, 13
Let n = 180 - 190. What are the prime factors of (20/(-6))/(n/(-15)) - -1058?
3, 13
Let z = 326 + -306. Suppose -z = 5*y, 8*l - 9*l + y = -1378. What are the prime factors of l?
2, 3, 229
Let q be 0/(((-12)/3)/2). Suppose o + 4*o - 4*c = 2107, q = 5*o + 3*c - 2121. What are the prime factors of o?
3, 47
Suppose -5*k + 122 = 92. What are the prime factors of -27*(k/33 - 8936/264)?
3, 101
What are the prime factors of -2882*9/90*-5?
11, 131
Let p = 168 - -4704. What are the prime factors of p?
2, 3, 7, 29
Suppose 0 = -w + 3*v + 13595, 44*v + 13546 = w + 48*v. What are the prime factors of w?
2, 11, 617
Suppose 7*u = -170 + 527. Suppose -u - 1404 = -5*p. What are the prime factors of p?
3, 97
Let v(x) = 14*x. Let u be v(0). Suppose -5*q + 809 = y, u = 4*q + q + 4*y - 806. What are the prime factors of q?
2, 3
Let w = -4 + -62. Let v = 153 + w. Suppose -3*c + v = 3*f, -c + 5 = -f + 36. What are the prime factors of f?
2, 3, 5
Let b(x) = 11*x + 1. Let y(q) = 1. Let u(i) = b(i) + 3*y(i). Let n be u(6). Suppose r - n = -3*v, -2*r + 5*r - 202 = -5*v. List the prime factors of r.
2
Let y = -1594 - -42361. List the prime factors of y.
3, 107, 127
Suppose 2*u + 10*u = 2*u. List the prime factors of -1 - (u - 20) - (-292)/(-73).
3, 5
Let x(b) = b**3 + 2*b**2 - 4. Let y be x(0). List the prime factors of 506 - (-6 + -2 - y)/1.
2, 3, 5, 17
Let h = -46 - -54. Suppose 0 = -6*v - h*v + 2828. Let s = 42 + v. List the prime factors of s.
2, 61
Suppose -3*c = 9, s + 7*c = 10*c + 1172. Let h = s + 16. List the prime factors of h.
3, 131
Let z(x) = 1. Let n(t) = t + 73. Let w(c) = -c - 36. Let a(y) = -6*n(y) - 11*w(y). Let p(h) = -a(h) - 4*z(h). List the prime factors of p(0).
2, 19
Let a(b) = -54 - 92 - 35*b - 20*b + 7*b. List the prime factors of a(-27).
2, 5, 23
Let v = 15515 + -6055. What are the prime factors of v?
2, 5, 11, 43
Let u(y) = 20*y**2 + 5*y + 5. Suppose j - 6*i = -5*i - 4, 4*i = -j - 24. List the prime factors of u(j).
3, 5, 83
Suppose 6406 - 20750 = -2*n. List the prime factors of n.
2, 11, 163
Suppose -24 = -5*b - 4. Let f be (42/245*7)/(4/10). Suppose f*c - 149 - 166 = -b*w, 5*c + w - 542 = 0. List the prime factors of c.
109
Suppose 88575 = 6*c + 3*h, 4*h = 284*c - 285*c + 14738. What are the prime factors of c?
2, 3, 23, 107
Suppose 91 = 4*q - k - 527, 2*k = 2*q - 306. Let o = q - 45. Let z = o + -44. What are the prime factors of z?
2, 3, 11
Suppose -11*i + 4*i + 35 = 0. Suppose i*r - 119 = -24. Suppose r = 2*k - 231. What are the prime factors of k?
5
Let s(m) be the first derivative of -9*m**2/2 - 10*m + 15. Let d be s(-10). Let x = d + 36. What are the prime factors of x?
2, 29
Let y(h) = -141*h - 66. Let w(u) = 281*u + 133. Let d(s) = 3*w(s) + 5*y(s). List the prime factors of d(2).
3, 5, 23
List the prime factors of -4 + 103696/18 + (-2)/(-18).
3, 19, 101
Suppose 0 = 3*r - 9 - 24. Suppose 4*u + y - r = 2, 2*u - 4*y = 20. What are the prime factors of ((-86)/u)/(2/(-4))?
43
Let h be 9/(-4 + 7) - -39. Let u = h + -37. Suppose -u*m - 177 = -797. List the prime factors of m.
2, 31
Let c(k) = 4*k**2 - 13*k + 148. Let a be c(9). Suppose x = 4*h + 152 + a, -5*x + 2*h = -2535. List the prime factors of x.
3, 13
Suppose 0*z - 297 = -11*z. Let l = z + 27. What are the prime factors of l?
2, 3
Suppose -5*q - 8*x = -4*x - 1960, 5*q + 5*x - 1965 = 0. Let s = -193 + q. What are the prime factors of s?
3, 5, 13
Let v = -253 + 250. What are the prime factors of (13 + -12)/(((-3)/535)/v)?
5, 107
Let f(l) = 32880*l**2 - 24*l - 23. List the prime factors of f(-1).
131, 251
Let q(p) = 100*p**2 + 24*p + 10. What are the prime factors of q(8)?
2, 3301
Let g(k) = k**2 + k - 1. Let m = 21 + -19. Let l be g(m). Suppose 5*t = -3*a + 175, -37 = l*a - 2*t - 339. List the prime factors of a.
2, 3, 5
List the prime factors of 3829/(-10*(-49)/420).
2, 3, 547
Suppose 5*u + 549 = k - 145, 3392 = 5*k + u. Let z = k + -279. List the prime factors of z.
2, 5
Suppose -4*t + h - 67 = 6*h, -3*t = 2*h + 45. Let m(b) = -10*b + 39. List the prime factors of m(t).
13
Let d be ((-448)/(-96))/(0 - (-1)/(-3)). Let q be d/91 + (-1660)/26. Let b = q - -81. What are the prime factors of b?
17
Suppose -r + 4*r - 96 = 0. Let c = -